t common divisor of 73955336 and 54353?
1469
Calculate the greatest common divisor of 89 and 245316129.
89
What is the highest common divisor of 8835 and 211994058?
1767
Calculate the highest common factor of 4650 and 107160.
30
What is the highest common factor of 527875600 and 280?
280
What is the greatest common factor of 38029858 and 148?
74
Calculate the greatest common divisor of 55000 and 241120.
440
What is the greatest common factor of 45400 and 1376?
8
Calculate the highest common factor of 320367387 and 22546.
11273
Calculate the greatest common factor of 347887429 and 617.
617
Calculate the highest common divisor of 17664 and 2374428.
276
Calculate the greatest common divisor of 1650 and 37486075.
275
What is the highest common factor of 43282 and 17797946?
646
Calculate the greatest common factor of 1560 and 5578950.
390
What is the highest common divisor of 18 and 6806691?
9
Calculate the greatest common factor of 413871700 and 4092.
1364
What is the greatest common factor of 141 and 1177679?
47
Calculate the highest common factor of 106093 and 5772.
13
What is the highest common factor of 150 and 53389230?
30
What is the highest common divisor of 125593023 and 2685?
537
Calculate the greatest common divisor of 2062799 and 145.
29
What is the greatest common factor of 20242863 and 6?
3
Calculate the highest common divisor of 876 and 13888396.
292
What is the greatest common factor of 55133 and 1534?
13
What is the highest common divisor of 538 and 163278158?
538
Calculate the greatest common factor of 3562987 and 5977.
139
What is the greatest common divisor of 20 and 3388670?
10
Calculate the highest common divisor of 15303692 and 16.
4
Calculate the highest common divisor of 3423 and 29093544.
489
Calculate the highest common divisor of 131188478 and 6.
2
What is the highest common factor of 44460 and 1306530?
90
What is the highest common divisor of 675 and 4725945?
135
Calculate the highest common divisor of 1413 and 1749922.
157
Calculate the greatest common factor of 452 and 7967856.
452
Calculate the highest common factor of 995 and 39258720.
995
Calculate the greatest common divisor of 186200 and 19491416.
7448
What is the highest common factor of 3381 and 5608029?
21
Calculate the highest common factor of 2720 and 54000160.
2720
What is the greatest common factor of 532 and 2066953?
133
What is the greatest common divisor of 3363 and 3552449?
1121
What is the greatest common factor of 18317 and 91527231?
1409
Calculate the greatest common factor of 5537 and 669046.
49
What is the highest common divisor of 44 and 23418252?
44
Calculate the greatest common divisor of 25909378 and 1888.
118
What is the highest common factor of 265493748 and 115245?
7683
Calculate the greatest common factor of 86048 and 13408.
32
Calculate the highest common factor of 718 and 302326106.
718
What is the highest common factor of 116450 and 7275796?
4658
Calculate the greatest common factor of 21875460 and 105230.
6190
Calculate the greatest common factor of 1725 and 4818201.
69
Calculate the greatest common divisor of 20 and 60501996.
4
Calculate the greatest common factor of 134351 and 22253.
119
Calculate the highest common divisor of 192 and 437056.
64
Calculate the highest common factor of 155 and 46069069.
31
Calculate the highest common factor of 12520888 and 155312.
4568
Calculate the highest common factor of 225916 and 956.
4
Calculate the greatest common divisor of 456428419 and 1348.
337
What is the highest common factor of 28 and 22028713?
7
Calculate the highest common factor of 308662518 and 6.
6
Calculate the highest common factor of 26160 and 233805.
1635
Calculate the highest common factor of 775 and 105542025.
25
Calculate the highest common factor of 6 and 1361658.
6
Calculate the greatest common divisor of 1576305 and 6624.
207
Calculate the highest common divisor of 675014 and 1396511.
2021
Calculate the greatest common divisor of 2349 and 835838.
29
What is the highest common factor of 3376 and 5038258?
422
What is the highest common divisor of 24 and 4022372?
4
Calculate the highest common divisor of 60 and 5083900.
20
Calculate the greatest common divisor of 133 and 140903031.
19
What is the greatest common factor of 186960 and 5031561?
2337
What is the greatest common factor of 38115976 and 357048?
4408
What is the highest common divisor of 429 and 154737?
33
What is the highest common divisor of 37353125 and 25?
25
What is the greatest common factor of 24006305 and 161155?
965
What is the greatest common factor of 8 and 43744832?
8
Calculate the highest common factor of 17226 and 1313847.
27
Calculate the greatest common divisor of 103 and 3645910364.
103
Calculate the greatest common factor of 528240 and 1088.
16
Calculate the greatest common factor of 5421 and 12838596.
417
What is the greatest common factor of 1858284 and 714384?
1476
What is the greatest common divisor of 50208 and 34272?
96
What is the greatest common divisor of 13808799 and 2718?
1359
What is the highest common factor of 3579676 and 76849?
2479
Calculate the greatest common factor of 133478680 and 60.
20
What is the greatest common factor of 1445 and 169042747?
289
What is the highest common factor of 131653 and 1101928?
761
Calculate the greatest common factor of 365508 and 24637.
71
What is the highest common factor of 456 and 85605963?
57
What is the highest common factor of 26 and 179415184?
26
What is the highest common factor of 2775499984 and 464?
464
Calculate the greatest common factor of 645 and 22755729.
129
What is the greatest common factor of 983720 and 565?
5
Calculate the highest common divisor of 647623 and 5891.
43
What is the greatest common divisor of 108199 and 1224496?
2639
What is the highest common divisor of 187496 and 207?
23
What is the greatest common divisor of 3101683 and 13?
13
What is the greatest common divisor of 34 and 15582234?
34
What is the greatest common divisor of 5301 and 415431?
279
Calculate the greatest common factor of 8010 and 212810.
10
Calculate the highest common divisor of 266 and 11781693.
7
Calculate the greatest common divisor of 250 and 9248470.
10
What is the greatest common divisor of 580 and 836152476?
116
Calculate the highest common divisor of 3 and 56906382.
3
What is the greatest common factor of 736417 and 473?
11
What is the highest common divisor of 343252 and 4012281?
2093
What is the greatest common factor of 943691944 and 338?
338
What is the greatest common divisor of 194498567 and 269?
269
Calculate the highest common factor of 5461976 and 21320.
104
What is the highest common factor of 9040 and 766660?
20
Calculate the highest common divisor of 3735 and 436836885.
1245
Calculate the greatest common divisor of 450228 and 153612.
204
Calculate the greatest common factor of 424 and 552568.
8
Calculate the greatest common divisor of 2807396370 and 2514.
2514
Calculate the highest common factor of 989410 and 38305.
815
What is the greatest common factor of 51381756 and 6?
6
Calculate the greatest common factor of 54124 and 184436.
28
What is the highest common divisor of 25237161 and 45?
9
Calculate the greatest common factor of 11 and 259900223.
11
Calculate the highest common factor of 561636 and 7092.
36
What is the greatest common factor of 4368951 and 101043?
927
What is the greatest common divisor of 7132169 and 11?
11
Calculate the greatest common divisor of 267867 and 75303.
27
What is the highest common divisor of 138 and 17985888?
6
What is the highest common divisor of 25170356 and 4?
4
Calculate the greatest common factor of 8030 and 25178065.
4015
What is the highest common factor of 236284 and 96140?
76
What is the greatest common divisor of 308 and 11600666?
154
Calculate the greatest common factor of 14 and 1438397366.
14
Calculate the highest common factor of 76358066 and 5633.
131
What is the highest common divisor of 118 and 50977888?
118
What is the greatest common divisor of 188 and 182028556?
188
Calculate the highest common factor of 74156517 and 1503.
1503
What is the greatest common divisor of 10146910 and 2438?
46
What is the highest common divisor of 16359621 and 424563?
3099
What is the highest common factor of 177968554 and 57?
19
Calculate the hig